tor of (-224)/(-6) + h/12?
True
Let k = 1 - -3. Let u(v) = -2*v**2 - 5*v + 3 + 3*v**2 + k. Is u(-6) a multiple of 26?
False
Suppose 7 - 7 = z. Is 12 a factor of -1*(z + -1) + 178 + -1?
False
Let t = -43 + 60. Suppose 47 = 6*i + t. Is 3 a factor of i?
False
Suppose 5*y - 4*m = 79, 5 = -5*m - 0. Is 18 a factor of (-1608)/(-30) - (-6)/y?
True
Suppose -20*z = -15*z - 5. Suppose q = z + 36. Does 13 divide q?
False
Suppose 9*w - 177 = 93. Let j = 40 - w. Does 8 divide j?
False
Let a be ((-150 - 1) + 4)/(1 - 2). Suppose 3 = -0*z - z, -3*q - 2*z + a = 0. Is 12 a factor of q?
False
Let q = 2 + -3. Suppose -10*g + 7*g = -51. Let j = q + g. Is 7 a factor of j?
False
Let u(x) = -1 + 10*x - 3 - 7*x + 9*x. Does 10 divide u(3)?
False
Suppose 0 = -2*b + 4*r - 6*r + 6, -2*r = -4*b - 6. Suppose -3*o = -5*z + 813, z - 6*z - 4*o + 841 = b. Is z a multiple of 11?
True
Suppose -2608 + 40450 = 21*i. Is i a multiple of 17?
True
Let y(w) = -w - 16. Let f be y(-12). Let j(l) = -l**3 - 3*l**2 + 4*l + 8. Let b be j(f). Is 7 a factor of (42/8)/(3/b)?
True
Let h(j) = -2*j**2 - 5*j + 116. Is h(0) a multiple of 58?
True
Suppose 4*i = g + 39, 5*g + 195 = -0*g + i. Let d(v) = v**3 - 8*v**2 + v + 1. Let x be d(6). Let n = g - x. Does 13 divide n?
True
Does 42 divide 3362/10 - (-6 + 62/10)?
True
Let r = -23 + 14. Let d = r + 11. Suppose n = 4*c + 28, n = -0*n - d*c + 4. Does 12 divide n?
True
Let i(c) = -c**3 + 17*c**2 - 17*c + 24. Is 16 a factor of i(8)?
True
Let n(t) = -t**2 + 2*t + 614. Does 32 divide n(0)?
False
Suppose -4*v - v - 4*l + 695 = 0, -2*v = l - 281. Suppose n - 371 = -2*o - 3*o, 2*o - v = 5*n. Suppose -4*i + k = -4*k - o, 46 = 3*i + k. Is 8 a factor of i?
True
Let h(c) = c**3 - 19*c**2 + 2*c - 8. Suppose -5*u - 56 = -151. Is h(u) a multiple of 6?
True
Let o(l) = -l**2 - 33*l - 112. Does 35 divide o(-21)?
True
Suppose 10*y = 9*y + 359. Does 26 divide y?
False
Let f(w) = 6*w - 64. Let g be f(12). Suppose -g*u = -11*u + 843. Does 33 divide u?
False
Let l(n) = 7*n**3 + 21*n**2 + 16*n - 33. Let o(i) = 11*i**3 + 31*i**2 + 24*i - 49. Let t(f) = 8*l(f) - 5*o(f). Is t(-8) a multiple of 44?
False
Let m(s) = 15*s + 76. Let b(r) = 5*r + 26. Let c(d) = 11*b(d) - 4*m(d). Let y = -5 + -3. Is 11 a factor of c(y)?
True
Suppose -2*x = -3*x. Suppose -5*c + 2*b + 0*b = -38, x = -5*b - 20. Is c a multiple of 4?
False
Suppose 0 = 42*m - 37*m - 335. Suppose 0 = -d + m - 39. Is 15 a factor of d?
False
Let f(j) be the third derivative of -j**5/60 + j**4/3 + 4*j**3/3 - 5*j**2. Let h be f(9). Is h/(1*3/(-39)) a multiple of 9?
False
Suppose -3*f + 29 = -34. Does 5 divide (-12)/f - 1136/(-28)?
True
Let y(h) = -99*h + 55. Is 22 a factor of y(-1)?
True
Suppose -5*g + 62 = 3*h - 5*h, -4*h + 4*g - 124 = 0. Let b = 71 - 126. Let l = h - b. Does 8 divide l?
True
Let m(g) = 47*g - 29. Does 11 divide m(6)?
True
Let o(h) = h**2 + h - 3. Let u be o(0). Is 27 a factor of (16856/20)/7 + u/(-5)?
False
Let c be ((-4)/4 + 1)/2. Suppose c = 3*j + 23 - 62. Suppose -365 = -j*i + 8*i. Is 19 a factor of i?
False
Is 4 a factor of (13 + -6 - 13) + 18?
True
Suppose 15*h + 584 = 19*h. Suppose -3*o - h = -y, -2*y + 272 = -o - o. Is y a multiple of 55?
False
Suppose 716*h + 1203 = 717*h. Is h a multiple of 22?
False
Let s(o) = 72*o - 210. Is s(14) a multiple of 19?
True
Suppose 8868 = 39*l - 17262. Is l a multiple of 12?
False
Let x(z) be the first derivative of -z**4/4 + 10*z**3/3 + 17*z**2/2 - 25*z + 16. Does 11 divide x(11)?
False
Suppose 2*f = 5*f + i - 2221, 0 = -4*f - 5*i + 2976. Suppose -3*s + f = 4*x, -3*x + 982 = 4*s - x. Is s a multiple of 49?
True
Let k be 0*(-5)/10 - 166. Does 2 divide (-14)/21 + (-1 - k/6)?
True
Let q(n) be the first derivative of -n**5/120 + 29*n**4/24 + 8*n**3/3 - 4. Let v(s) be the third derivative of q(s). Does 4 divide v(17)?
True
Let l = -166 - -431. Suppose 1065 = 5*s + l. Is s a multiple of 32?
True
Let s = -8 + 12. Suppose 0*n + 5*f = 4*n - 89, 0 = n - s*f - 36. Is (-128)/6*(-36)/n a multiple of 10?
False
Does 25 divide 822/2 + (14 - 5)?
False
Let r(p) be the third derivative of p**5/60 - p**4/12 + p**3/6 + 5*p**2. Let m be r(3). Suppose -3*t - 31 = -0*b - b, 131 = m*b - 5*t. Is 22 a factor of b?
False
Suppose -7*n = -4*n + 3*m - 828, 3*m = -9. Does 21 divide n?
False
Let u(b) = 5*b**2 + 49*b - 16. Is u(7) a multiple of 3?
False
Let t(b) = -b - 1. Let n be t(-12). Let x be 207/n + (-2)/(-11). Suppose -y + 12 = 3*q + 3, -5*q = 2*y - x. Does 6 divide y?
True
Suppose z = 2*w + 37, -3*w + 0*w - 114 = -3*z. Is 13 a factor of z?
True
Suppose -6*b - 321 = -3*b. Let r = 319 + b. Does 53 divide r?
True
Suppose 0 = o, 4*z - 2*o + 299 = -121. Suppose -4*u - 310 = -22. Let r = u - z. Does 11 divide r?
True
Is 107280/162 - (-6)/(-27) a multiple of 109?
False
Suppose 2*d - 8*z = 352, d = -3*z + 2*z + 166. Does 42 divide d?
True
Suppose -4*k = -5*k + 4. Suppose 2*c - 6*c + 2*b + 1604 = 0, -k*b - 394 = -c. Suppose -4*l - 426 = -f - 4*f, 5*f + 2*l = c. Does 13 divide f?
False
Let n = -67 - -63. Is 18 a factor of 118/(n/(-4 + 0))?
False
Is 243 - -1 - (-1)/((-5)/(-20)) a multiple of 14?
False
Let j be 0/(-1 - 3) + 153. Let c = 220 - j. Is 23 a factor of c?
False
Suppose 3*b + 5*s = 2835, s - 2*s + 3797 = 4*b. Is b a multiple of 95?
True
Let k be 36/16 - (-1)/(-4). Suppose -20 = -k*h + 80. Suppose 0 = a + 14 - h. Is a a multiple of 9?
True
Is 8 a factor of 122/1403 - (-6438)/23?
True
Let d(a) = -a**2 - 8*a - 4. Let b be (-15 - -16)/((-2)/14). Let y be d(b). Suppose -g + 20 = c, y*c + c + g - 68 = 0. Does 6 divide c?
False
Let p = -643 + 1450. Does 5 divide p?
False
Is 175 - (-4)/(0 + 4)*3 a multiple of 10?
False
Does 10 divide ((-20)/24)/5 + 637/6?
False
Let y be ((-6)/(-4))/((-3)/(-16)). Suppose 3 = -5*b + y. Let k(u) = 58*u + 1. Is 15 a factor of k(b)?
False
Let j = 53 - 48. Let y(b) = -b**3 + 11*b**2 - 2*b + 17. Is y(j) a multiple of 12?
False
Suppose -120*c + 111*c = -4140. Is c a multiple of 10?
True
Suppose 47 = -8*o + 759. Suppose o = z - 28. Is 22 a factor of z?
False
Suppose 700 = -0*f + 5*f. Suppose 4*y - f = -52. Is 3 a factor of y?
False
Let c(a) be the first derivative of -a**6/360 + 3*a**5/40 + 4*a**3/3 - 4. Let h(z) be the third derivative of c(z). Is h(8) even?
True
Suppose 0 = 3*t - 3*k - 6, 10*t - 4*k - 12 = 5*t. Suppose 0 = -t*f + 2*f + 90. Is f a multiple of 9?
True
Suppose 0 = -58*k + 52*k + 2070. Is 41 a factor of k?
False
Suppose 32*b + 8*b = 1720. Is b a multiple of 3?
False
Let t = -33 - -100. Suppose 5*u - t + 202 = 0. Let q = u - -43. Is q a multiple of 4?
True
Let a(m) = 5*m - 10. Let t be a(5). Let z = t - 11. Is z a multiple of 2?
True
Is (-6 - 2) + 54 + 601 a multiple of 7?
False
Let d(b) = -b**2 + 8*b - 8. Let g be d(4). Is (93 + 1)*20/g a multiple of 8?
False
Suppose -71 = -6*w + 49. Suppose 2*d + 9 = -5*l, -4*d = d + 4*l - w. Suppose -d*p + 7*p + 80 = 0. Does 23 divide p?
False
Suppose 0 = -5*a - j + 2425, 0 = -4*a + 5*j + 188 + 1781. Does 24 divide a?
False
Let m(c) = -c**3 + 7*c**2 + 7*c + 10. Suppose 5*l = 0, 2*l - 11 = -4*u + 21. Let d be m(u). Is 18 a factor of (97/d)/((-7)/(-14))?
False
Suppose 3*z = -2*z + 265. Suppose -z - 101 = -7*y. Does 9 divide y?
False
Is 27734/18 + (1918/126 - 15) a multiple of 57?
False
Let k = 2158 + -1638. Does 10 divide k?
True
Let l = 86 - 72. Suppose 56 = l*h - 10*h. Is 3 a factor of h?
False
Suppose -3*s + 8850 = -0*s. Suppose -3*m = 2*m - s. Is m/10 - (1 + 0) a multiple of 28?
False
Let r(q) = q**3 + 3*q**2 - 5*q + 3. Let s be r(-4). Let y be 20/2*(-27)/(-6). Suppose 0 = -2*w + s*w - y. Is w a multiple of 9?
True
Let f(j) = j**3 + 4*j**2 + 2*j + 8. Let w be f(-4). Suppose 0 = -v - l, 4*l = 4*v - w*l - 24. Suppose -s - 2*h + 56 = v*h, 4*h - 54 = -s. Is 10 a factor of s?
False
Suppose -2*h + 720 = -4*r, r - 380 = -h - 14. Is 8 a factor of h?
False
Suppose -28 - 8 = -4*q. Suppose q*n - 11*n = -256. Is 8 a factor of n?
True
Let n = 30 - -40. Suppose 0 = c + 2*c + 2*r - 170, -c + 2*r = -n. Does 9 divide c?
False
Let x be (6/(-9))/((-3)/9). Let a(j) = -73 - 5*j + 4*j**3 - j**2 + 38 + 36 + 2*j. Is a(x) a multiple of 6?
False
Let t(k) = 8*k + 82. Does 26 divide t(-7)?
True
Let w be 6396/14 + 4/28. Suppose 481 = 3*y + 4*a - 0*a, -2*a = -3*y + w. Suppose -2*g - 41 + y = -2*z, 273 = 5*g - z. Is g a multiple of 9?
True
Let l = 174 - 